 + 0 + 2.
-3
Evaluate -4 - -3 - (0 - -1).
-2
9 - (-4 + (-6 - -18))
1
2 + 1 + -5 + 4
2
What is -3 + (-2 - 1) + 13 + -2?
5
Evaluate (2 - (9 + -5)) + 6.
4
What is the value of (42 - 42) + (-2 - -3)?
1
What is (0 - -1) + (-9 - (-24 + 10))?
6
Evaluate -11 + 14 - (5 + -1) - -7.
6
What is -5 + 5 - (-4 + (-3 - -6))?
1
Evaluate -8 + 0 + 5 + (2 - 0).
-1
What is the value of 4 + (-3 - -5) - 2 - 6?
-2
-3 - ((-8 - -19) + -6) - -4
-4
What is the value of 0 - 3 - -4 - -1?
2
Evaluate 7 + 1 - (-5 - -10).
3
-5 - -1 - (-9 + 12)
-7
Evaluate (1 + -4 - -2) + 2.
1
Calculate 0 - (-5 + 7) - (1 - 6).
3
What is (-6 - (-5 + -9) - 1) + -7?
0
What is 2 + (8 - (12 + -2))?
0
Evaluate -4 + 1 + (10 - 3) + 0.
4
4 + -1 - -2 - (-30 + 28)
7
Calculate (-12 - -2) + 10 + -1.
-1
1 + (-3 - -8) + -3 + -8
-5
What is the value of 0 + 6 + -5 + 0?
1
Evaluate 6 - (1 + -2 - (-13 - -9)).
3
What is -5 - ((0 - 6) + 0)?
1
What is -6 + (-5 - -4) - -4?
-3
What is the value of 4 + (-2 - 1) + 1?
2
32 + -28 - (0 - 2 - -4)
2
Calculate 7 + -7 - (1 + 0).
-1
What is 2 + -9 + 2 - (-2 - 1)?
-2
Evaluate 14 + (-15 - -10 - 1).
8
4 - 1 - (8 + -6)
1
What is the value of 2 + 0 + (0 + 0 - 7)?
-5
Calculate 3 + 1 + 5 + -4 + -2.
3
Calculate (12 - 14) + (3 - 0).
1
Evaluate (-6 - (6 + -7 - -1)) + 7.
1
-7 + 1 + 4 + 3 + -2
-1
0 - (5 - (-2 - -10))
3
Evaluate 2 + -1 + 21 + -22.
0
What is the value of 3 - 3 - (-5 - (-3 + -3))?
-1
What is 2 - -1 - 3 - (9 + -13)?
4
What is the value of (0 - (5 - 4)) + 0?
-1
What is the value of (4 - 1) + 9 + -12 - -1?
1
Calculate -15 - (5 + -1 - 26).
7
Evaluate (-3 - 1) + -110 + 125.
11
-4 + (-6 - (4 - 6)) + 7
-1
Calculate -3 + 5 + -2 + -4.
-4
What is the value of (10 - -7) + -4 + -8?
5
(0 - -2) + (338 - 345)
-5
Calculate 4 + (-4 - -2) + -3 + 7.
6
4 - (-2 + 0 + 6 - 4)
4
Evaluate 21 + -22 - (-5 + 3 + -1).
2
What is the value of 7 - ((2 + 0 - 5) + 7)?
3
Evaluate -1 + (1 - 0 - -3).
3
What is the value of -11 + 8 - (-4 + -3 + 2)?
2
What is the value of (-3 - (-5 - 1)) + -1 + 1?
3
Evaluate -8 - (-6 - 0 - (5 - 7)).
-4
Evaluate 3 - (-4 - -14) - -4.
-3
Evaluate -1 + (-4 - -1 - -4).
0
What is the value of -21 - (-5 + -3 + -5)?
-8
What is the value of 4 + -6 + (-2 - -1)?
-3
Calculate 3 + 7 + -22 - -22.
10
What is the value of 0 - (0 + -2 + -3)?
5
Evaluate 5 - ((-1 - -7) + -2).
1
-5 - (-19 + 11) - (-5 + 3)
5
-70 + 66 - (-1 + 0 + -4)
1
5 - (3 + -1) - (-3 - -6)
0
Evaluate -7 + (5 - 4) - -11.
5
(-12 - -11) + 1 + 2
2
What is the value of -7 - (1 + -4) - (2 + -1)?
-5
Evaluate 1 + (-5 - -4) - 1.
-1
What is 1 + -4 + -14 + (4 - -14)?
1
Evaluate -5 + 5 + -3 - -5.
2
What is (-7 - -13) + -6 + 0 + 5?
5
-2 + 5 - (3 - -6)
-6
Evaluate (-2 - 2) + -2 + 1.
-5
What is -1 - 0 - (33 - 39)?
5
What is the value of 3 + (5 - 8) + 5?
5
What is the value of -11 + 1 - (-12 - -12) - -4?
-6
What is -2 - (3 + (-5 - 2))?
2
What is -5 + -1 - (-3 + -3 - -2)?
-2
Evaluate 2 - 2 - (13 - (-6 - -14)).
-5
What is -10 + (-9 - -18) + 0 + 0?
-1
(-74 - -90) + 1 + -10
7
What is the value of 1 - (0 + 5 + -3)?
-1
Calculate -94 - -105 - (1 + 6 - 1).
5
Calculate 1 - 3 - (1 + -1 + -2).
0
What is the value of 2 + -14 - (2 + -18)?
4
What is the value of (-7 - 3 - -6) + 0?
-4
What is (-7 - -5) + (-5 + 2 - -2)?
-3
What is the value of (0 - (-1 - -3)) + (3 - -3)?
4
-1 - -2 - (20 - 16 - 1)
-2
What is the value of 2 + -3 + (9 - 6) - -3?
5
What is the value of 4 + (5 - (-10 + 17))?
2
Calculate -1 - -4 - (1 - -3) - 0.
-1
Evaluate (-3 - -5) + (0 - 0) + -7.
-5
Evaluate 3 - (10 - (24 + -10)).
7
Calculate (4 - 8 - -5 - -3) + -3.
1
What is (0 - (2 - -1)) + (-12 - -10)?
-5
Evaluate 2 - ((1 - (-5 + 0)) + 0).
-4
Evaluate (11 - 9) + -5 - -8.
5
Calculate -4 - 0 - (1 + -5) - -5.
5
Evaluate -1 - (-2 + 4) - -7.
4
What is the value of (-8 - (-10 - 0)) + -3?
-1
What is -2 - (5 - (8 + -4 + 5))?
2
Calculate 5 + (17 - 16 - (-2 - -3)).
5
(9 - 19) + 6 + -2
-6
What is 4 - -1 - (7 + 1)?
-3
What is 6 - 9 - -3 - 6?
-6
-2 + -9 + (7 - (10 - 3))
-11
(11 - (8 - -1)) + 3 + -13
-8
(-9 - (-21 - -7)) + 1
6
Evaluate 13 + -2 + -6 + 0.
5
What is 6 + (-2 - 1 - -2)?
5
What is -3 + -2 - (0 - -3 - 5)?
-3
What is the value of 4 + (-3 - -2) - (9 + -10)?
4
What is the value of -13 + 1 + 29 + -26?
-9
Calculate -62 + 55 - (-1 + 3 + -13).
4
What is the value of -1 + -4 - (-61 + 56)?
0
Calculate (-1 - 1) + -38 + 47.
7
-25 + 32 - (1 + 1) - -5
10
Calculate (0 - -4) + -5 + 4 + 0.
3
What is the value of 3 - (3 - (2 + 2))?
4
0 - (1 - (-3 - -2 - -7))
5
-1 + -3 - (-14 - -13)
-3
Evaluate 1 + (-1 - (-3 - (-5 + 1))).
-1
What is 5 + -1 + -16 + -13 + 18?
-7
What is -25 + 25 + (-7 - 1)?
-8
Calculate 3 + 0 - 2 - 1.
0
What is the value of -5 + -4 + 3 - (-7 + 3)?
-2
Calculate (1 - (4 - 1)) + 0 + 1.
-1
What is the value of 2 + -1 + -2 + -3 - -4?
0
Evaluate (5 - (0 + 0)) + 128 + -139.
-6
What is the value of -4 + 5 + (2 - 3)?
0
What is the value of (3 - 12) + (9 - 5)?
-5
Evaluate 3 + ((-1 - -1) + 1 - 1).
3
What is the value of (-1 - -1 - (1 - 2)) + -4?
-3
(14 - 8 - 7) + 6
5
Calculate -15 + 14 + -2 + -2.
-5
Calculate (8 - -2) + (-24 - -17) + 4.
7
What is the value of -1 + 4 - (-3 - -2)?
4
Evaluate 0 + 3 + (-7 - -7).
3
Evaluate -5 - ((-5 - 4) + 3).
1
Evaluate -1 + 2 + -4 - (0 + 1).
-4
What is the value of -5 - (4 - ((7 - -13) + -7))?
4
What is the value of -15 + 24 - (6 + 0)?
3
Evaluate 13 + -13 + 8 - 12.
-4
Evaluate (-8 - (-15 + 11)) + (0 - -5).
1
What is (-25 - -21) + 0 + -1?
-5
Evaluate -15 + 14 + 5 + 1.
5
-6 + 7 + 1 - -3
5
0 + (3 - (6 + -8) - 3)
2
2 + -2 - (2 + (-17 - -9))
6
Evaluate -9 + (-43 - -42) + 0 + 5.
-5
What is the value of 3 - (4 - (-4 + 1))?
-4
What is -4 - (7 - 7) - -6?
2
Evaluate -5 - (-5 + 6 - 10) - 4.
0
What is -2 - (5 - (-1 + 4))?
-4
Calculate 298 + -312 - (-1 - 2).
-11
Calculate 1 + -1 - 4 - 0.
-4
Calculate (-2 + (3 - 0) - 4) + 3.
0
What is (2 - 4) + (6 - 8)?
-4
Evaluate -1 + (-3 - -6) - 9.
-7
What is (-1 - -2) + (8 - 7)?
2
What is the value of (-109 - -101) + 4 + (2 - 1)?
-3
What is 0 + 8 + -12 + (1 - 0)?
-3
What is -2 - ((-2 - (4 + -5)) + -3)?
2
What is the value of 0 - 12 - (-86 + 70)?
4
What is (-7 - (-4 + (2 - 2))) + 7?
4
What is the value of -5 - ((5 - (17 - -4)) + 5)?
6
(-48 - -42) + (3 - (-4 - -9))
-8
Calculate -6 - ((-21 - -24) + (-3 - -1)).
-7
Calculate (1 - -4) + (9 - 1 - 12).
1
What is the value of 2 + 0 + -7 + 7?
2
(4 - 11 - (-2 + -2)) + 6
3
What is (5 - 14) + (15 - 5)?
1
Evaluate 2 - ((-6 - -12) + -15).
11
What is the value of 3 - (2 + -1) - 0?
2
What is the value of (4 - 2) + -3 - (0 - 1)?
0
(-7 - -13) + 0 + -6 + -4
-4
What is 2 - (-5 + -5 + (-1 - -8))?
5
Calculate -12 + (-11 - -17) - (-5 + -1).
0
Calculate -6 - (2 - -4 - 8).
-4
What is the value of -1 + -3 + (-7 - (-9 + 3))?
-5
Calculate 4 + -9 + 3 + 4 + -1.
1
4 - (-5 + 1 + -1 - -9)
0
Calculate -18 + 18 + (-1 + 1 - -2).
2
Calculate (1 - (-5 + -2)) + 6 - 6.
8
-12 - (5 - 9 - 5)
-3
(22 - 24) + (8 - 2)
4
What is the value of 18 - (4 + 0 + 9)?
5
Evaluate -4 + 1 + 6 - (0 + -1).
4
What is -4 - (14 + -9 - (4 - 0))?
-5
What is the value of 4 - (4 + (3 + 2 - 4))?
-1
Evaluate (-2 - -3) + (-5 - -3 - -4).
3
What is 1 + 1 - (1 + -2)?
3
-11 + 3 + -2 - -6
-4
What is -5 + 2 + (7 - -2) - -1?
7
12 - 3 - (-3 + 6)
6
What is 2 - (3 + 2 + 1)?
-4
3 - 1 - (-1 + -6 + 7)
2
What is the value of -7 + (-3 + 6 - -16) + -3?
9
Calculate 9 - 0 - (-78 + 83).
4
Calculate -6 + (2 - -4) + 2 - 2.
0
Evaluate (1 - 7) + -9 + (-8 - -24).
1
What is the value of 1 + 4 - (-16 - -25)?
-4
3 + -6 + (-4 - -4)
-3
What is 3 + 2 - (-2 + 2)?
5
Calculate -3 + 7 + -6 + 4.
2
What is the value of 1 + -1 + -2 + -2 + -1?
-5
Evaluate 3 + (-9 - -6) + 2.
2
1 + 0 + 2 + -5 + 3
1
3 + 2 + -7 + 2
0
Calculate -15 + (9 - 4) + 5.
-5
0 - (7 - -7 - 9)
-5
What is the value of 4 + -7 - -5 - (8 + -1)?
-5
5 + -5 + (-4 - -2)
-2
What is -1 + (2 - 3) + -2 - -4?
0
Evaluate (0 - -7) + (-8 - -6).
5
What is 11 - (0 - (-9 + 4))?
6
-6 + (3 + -7 - -3)
-7
23 + -19 + (0 - -1)
5
Evaluate (0 - (2 - 5)) + 0 - -5.
8
Evaluate -10 + (11 - 3 - 2).
-4
What is -8 + 20 + 1 + -14?
-1
1 + 1 - -2 - 4
0
What is the value of (4 - -5) + (1 - 10) + 6?
6
Evaluate (9 - -1) + -8 - -2.
4
Calculate -4 + (6 - (2 + -4)).
4
Evaluate -2 + -1 + 5 - (146 - 151).
7
-34 - -37 - (0 + 4)
-1
Evaluate 41 + -39 - (0 - -2).
0
11 + -3 + (-13 - 0) + 4
-1
Evaluate (7 - 10) + 0 + -1.
-4
0 + -7 + 1 + 3
-3
What is 1 - (6 + -4 + -3)?
2
What is the value of -2 + -5